et x(k) = j*i(k) - 34*d(k). List the prime factors of x(-5).
2, 3
Let p = -599 - -3394. What are the prime factors of p?
5, 13, 43
Let t(j) = 15*j + 13. Let v(l) = 7*l + 7. Let f(a) = -6*t(a) + 13*v(a). What are the prime factors of f(-5)?
2
Let f(m) = 3*m**2 - 7*m + 155. List the prime factors of f(-29).
43, 67
List the prime factors of 4 + ((-5903)/(-8) - 24/(-192)).
2, 7, 53
Suppose -2*j = 5*z - 428 - 5868, -3*z + 4*j + 3788 = 0. What are the prime factors of z?
2, 3, 5, 7
Suppose 0 = -5*p + 8*p. Let b(m) = -m**2 - m - 25. Let t be b(p). Let n = t - -41. What are the prime factors of n?
2
Let w = -284 + -214. Let h = -222 - w. List the prime factors of h.
2, 3, 23
Suppose 5*q - 16 = 4*v, 11 = 4*q - 0*v - 5*v. Suppose -q*r = -2*r - 96. Let a = 84 - r. What are the prime factors of a?
2, 3
Suppose -3*a + 2 = -a, -2*w = 3*a - 421. Let p = w + -105. Suppose -16 = -2*s + p. List the prime factors of s.
2, 3, 5
Suppose -3*q = -14*q + 3333. List the prime factors of q.
3, 101
Let q(s) = 27*s - 4. Let n be q(6). Let w = -101 + n. Suppose 0 = 3*h - 8*h - 5*p + 85, -3*h - p = -w. List the prime factors of h.
2, 5
Let g(y) = y**3 - 14*y**2 + 14*y - 19. Let u be g(13). Let a be (12/8)/((-3)/u). Suppose r - 2*s - a*s = 0, r - 28 = -2*s. List the prime factors of r.
2, 5
Suppose -39 = l + j, 3*l + 34*j - 33*j = -115. Let z(p) = 3*p**2 + 4*p - 3. Let t be z(5). Let m = t + l. What are the prime factors of m?
2, 3
Let y(h) = h**3 - 4*h**2 + 14*h - 3. What are the prime factors of y(5)?
2, 23
Let b = 2 + -1. Let l be (2/b)/((-1)/(-2)). Suppose -r - a = -1, 5*r + l*a = -0*a + 10. List the prime factors of r.
2, 3
Let m(y) be the second derivative of y**4/12 - 4*y**3/3 - 9*y**2/2 - 2*y. Let i be m(8). Let r = i - -23. What are the prime factors of r?
2, 7
Suppose -5*o - 3*d = -3665, -5*d = -21 + 46. List the prime factors of o.
2, 23
Let p(t) = -70*t**2 - 3*t - 4. Let q be p(-1). Let a = 124 + q. What are the prime factors of a?
53
Let p = 4 + -15. Let g(s) = -7*s - 15. What are the prime factors of g(p)?
2, 31
Suppose -7*t = 2*t - 45. List the prime factors of t.
5
Suppose -h + 3*h + f + 16 = 0, -2*h - 32 = -3*f. Let u = h - -114. What are the prime factors of u?
2, 13
Suppose -2*n = -3*t - 0*t - 7, -4*t = -3*n + 10. Suppose -4*g + n*q + 1253 = g, 4*g + 3*q = 984. List the prime factors of g.
3, 83
Let f = 31 - 27. What are the prime factors of 6/f*(-240)/(-6)?
2, 3, 5
Suppose -11*m + 13*m = 120. Suppose -m = 7*j - 389. What are the prime factors of j?
47
Let x(c) = -7*c - 37. Let z be x(-6). What are the prime factors of ((-357)/z)/(-2*1/10)?
3, 7, 17
Let r(b) = -3*b**2 + 3*b - 3. Let q be r(1). Let d(v) = 0*v + v - 3*v - 3 + 4. What are the prime factors of d(q)?
7
Suppose -2*h + w + 808 = 3*h, -2*h = 2*w - 316. List the prime factors of h.
7, 23
Suppose 315*n + 15334 = 326*n. What are the prime factors of n?
2, 17, 41
Let g(a) = -5*a**3 + 31*a**2 - 25*a - 39. Let r(h) = 2*h**3 - 15*h**2 + 12*h + 19. Let i(y) = 3*g(y) + 7*r(y). What are the prime factors of i(-13)?
2, 17
Let w(x) be the first derivative of -4*x**2 - 4*x + 2. What are the prime factors of w(-6)?
2, 11
Let y = 78 - 70. List the prime factors of (28/y + -2)/(9/456).
2, 19
List the prime factors of ((-2)/(-4))/((-8)/(-30928)).
1933
Suppose 4 = z - 1. Suppose d - 3 + z = 0. List the prime factors of -20*(-2)/(-8)*d.
2, 5
Suppose 0 = 36*g + 17*g - 115487. List the prime factors of g.
2179
Suppose -18*p + 5*p = -117. Suppose -p*h + 522 + 387 = 0. What are the prime factors of h?
101
Suppose -15 = -5*j + 8*j. Let q = 7 + j. What are the prime factors of q/(-4) + (-210)/(-12)?
17
Let x(u) be the third derivative of u**5/60 + 3*u**4/8 - 25*u**3/6 - 2*u**2 + 6. List the prime factors of x(8).
3, 37
Let k(s) = 4*s**2 + 21*s + 47. List the prime factors of k(17).
2, 3, 5, 13
Let c(f) = -f**3 + 27*f**2 + f - 83. What are the prime factors of c(26)?
619
Let t(q) = 37 - q - 3*q - q - 6. List the prime factors of t(-13).
2, 3
List the prime factors of (-12)/7*70/20 - -2594.
2, 647
Let d(s) = -2*s**2 - 2 + 6 + 0*s - 2*s + 5*s**2. Let q(k) = -k**3 - 19*k**2 - 19*k - 21. Let t be q(-18). What are the prime factors of d(t)?
37
Let j = 11 - 6. Suppose -j*b + 80 = 4*z + z, 3*b = -15. List the prime factors of z.
3, 7
Let l(u) = -u**3 + 19*u**2 - 10*u - 9. List the prime factors of l(18).
3, 5
Let r(i) = i - 7*i**2 + 12 - 2*i + 3*i + i**3. Suppose -4*k = -8, 2*c - 2*k = 3*c - 11. What are the prime factors of r(c)?
2, 13
Suppose 0 = -5*a + 2*v + 22, 0 = 5*a + 2*v - 14 - 4. Suppose a*g - g - 27 = 0. What are the prime factors of g?
3
Suppose 168 = -4*o - 3*j, 0*j - 229 = 5*o - j. Let x = o - 36. Let g = -57 - x. What are the prime factors of g?
2, 3
Let m(o) = 14*o**2 + 48*o - 240. What are the prime factors of m(16)?
2, 257
Suppose -5*b - 47 = 4*z, -2*z + 48 = -6*z - 4*b. Let i(s) = s**2 + 12*s + 2. What are the prime factors of i(z)?
3, 5
Let o be 6/21 + 573/(-21). Let i = -27 - o. Suppose 5*p - 187 = -4*r, i = 3*r + 2*r - p - 270. List the prime factors of r.
53
Suppose 0 = 9*n - 5690 - 2005. What are the prime factors of n?
3, 5, 19
Let z = -47 - -50. Suppose 0 = 5*i - 4*f - 375, -2*f + 7*f = -z*i + 262. List the prime factors of i.
79
Suppose 0 = -2*k + 4 - 0. Let r = 95 + 55. Suppose -y + r = k*y. List the prime factors of y.
2, 5
Let x = -33 + 90. Suppose 7*c = 6*c + x. List the prime factors of c.
3, 19
Suppose -m + g - 57 = 2*m, 2*m + 38 = -3*g. Let p = m - -19. What are the prime factors of 33 - (1 - 1 - p)?
3, 11
Suppose -5*v = -2*w - 11 - 1, -4*w = -v + 6. Suppose g - 158 = x, -v*x = 2*g + g - 469. What are the prime factors of g?
157
Suppose 73 = -5*d - c + 4*c, 4*d - 4*c = -60. Let u = d - -16. Suppose -u*p = 2*t - 98, 3*p - 131 = -t + 2*t. What are the prime factors of p?
3, 5
Let i(u) = 8*u + 15. What are the prime factors of i(33)?
3, 31
Let a = 236 - -81. List the prime factors of a.
317
Suppose 5*o = -4*u + 37, 0 = -3*o + 2*u + 37 - 6. Suppose 0 = -11*n + 8*n + o. List the prime factors of 12/1*2/n.
2
Suppose 5*t = 4 + 6. Let h(n) = -n**t - 38*n**3 - 2 + 0*n + 2 - n. What are the prime factors of h(-1)?
2, 19
What are the prime factors of (-50)/(-125)*(-24860)/(-8)?
11, 113
Let z = 1094 + 4446. What are the prime factors of z?
2, 5, 277
Let v(b) = -6*b - 6. Let k(m) = -m**3 - 9*m**2 + 3*m + 11. Let w be k(-9). List the prime factors of v(w).
2, 3, 5
Let y = 0 - -3. Suppose -2*f - y*s = -14, 2*s = 4*f - 2*s - 8. Suppose -f*d + d = -153. List the prime factors of d.
3, 17
Let b = 130 - 84. Suppose 3*j = 538 - b. Suppose -w = 3*w - j. List the prime factors of w.
41
Let r = -2434 + 3061. List the prime factors of r.
3, 11, 19
Let l be (-1 - -1)/((-2)/1). Suppose l = 5*m - 303 - 147. What are the prime factors of m?
2, 3, 5
Suppose 4*z + 5*u = 1630, -2*z - 4*u + 2033 = 3*z. List the prime factors of 2*z/(-40)*(-20)/3.
3, 5
List the prime factors of 1202 + 2 + 1 - (-22 - -25).
2, 601
Let t(p) = 134*p + 153. What are the prime factors of t(6)?
3, 11, 29
Suppose 0 = q - 4*q + 24. Suppose -c + 116 = 2*c - j, -4*j - q = 0. What are the prime factors of c?
2, 19
Let c be 12/60 + 79/5. Suppose c - 19 = -3*v. Let q = 12 - v. List the prime factors of q.
11
Suppose 5796 = 15*a - a. What are the prime factors of a?
2, 3, 23
Suppose 5*a = -d + 134, -a + 0 = d - 130. Suppose -3*q - 2*y = -d, q = -4*y + y + 50. List the prime factors of q.
41
Let z(a) be the first derivative of -10*a**2 + 38*a + 23. What are the prime factors of z(-8)?
2, 3, 11
Suppose -13*j + 15*j - 3824 = -5*t, -4*t - 1886 = -j. What are the prime factors of j?
2, 3, 317
Let v(q) = q**3 + 4*q**2 - 5*q + 5. Let b be v(-5). Suppose 0 = j - 3*o - 61, b*j = -4*o + 81 + 300. What are the prime factors of j?
73
Suppose -l - f = -5, 2*l + 5*f + 5 = 15. Suppose -5 + 30 = l*v. Suppose 3*y + 8 = v*y. What are the prime factors of y?
2
Suppose -4*i - 16 = 0, 4*q = i - 4*i + 1832. Suppose 3*s - 1010 = -5*p, 350 + q = 4*p + 3*s. What are the prime factors of p?
199
Let k(x) = 6*x**2 + 10*x - 20. What are the prime factors of k(5)?
2, 3, 5
Suppose -8*b = 976 - 3296. What are the prime factors of b?
2, 5, 29
Let l(z) = -z**3 + 9*z**2 + 10*z + 3. Let c be l(10). Suppose p + 0*r - 23 = 2*r, -c*p = -5*r - 64. List the prime factors of 2/p - (-141)/13.
11
S